*f**2 - 20*f. Let o(n) = 2*n + 24. Let s be o(-10). Calculate the remainder when y(s) is divided by 4.
2
Suppose 19135 = 5*a + 5*b, -190*a + 189*a - 4*b + 3836 = 0. What is the remainder when a is divided by 225?
224
Let f = 381 - 196. Suppose 3*w = n + 81 + f, 5*w - 3*n = 450. Calculate the remainder when w is divided by 44.
43
Let b = 42598 - 42437. Calculate the remainder when 980 is divided by b.
14
Let s = 0 + 4. Let z be 3/2 + 82/s. Suppose a = 2*a - z. What is the remainder when a is divided by 12?
10
Let a be 1/(-4*(-7)/(-700)). Let w be 5*9/1 + 0. Let q = a + w. What is the remainder when q is divided by 12?
8
Suppose 4*d = -2*v - v + 27, 5*v - 5*d = 80. What is the remainder when 5313 is divided by v?
9
Let u(n) = 29 + 6*n + 4*n + 4*n - 12*n. Calculate the remainder when 521 is divided by u(-4).
17
Suppose 12*x - 10*x = 2100. Suppose -366 + x = 18*w. Let q(v) = v**2 + 3*v + 4. What is the remainder when w is divided by q(-4)?
6
Let m be ((-702)/(-81))/((-2)/(-66)). Suppose m = 8*g - 330. Suppose 73*p + 228 = g*p. What is the remainder when p is divided by 15?
12
Suppose 0 = 13*p - 16*p. Suppose -2*k - 39 + 45 = p. What is the remainder when 45 is divided by 27/k*10/15?
3
Suppose -14*f = -31*f - 0*f + 408. What is the remainder when 1867 is divided by f?
19
Let m be 2*359*(-12 - -11). Let y = m + 1561. Suppose 5*s - y + 308 = 0. What is the remainder when s is divided by 37?
33
Let f be 213/2 + (-57)/38. Suppose 0 = 13*o - 20*o + f. What is the remainder when 36 is divided by o?
6
Suppose 2270 = 5*d + 39*w - 36*w, -1779 = -4*d + 5*w. Calculate the remainder when d is divided by 49.
10
Let f = 6418 + -6299. Calculate the remainder when 325 is divided by f.
87
Let f(h) = 221*h**2 - 1081*h - 27. What is the remainder when f(5) is divided by -1*(-1 + 2) + 43?
9
Suppose 3*u + 117*d = 112*d + 891, 0 = 2*d. What is the remainder when u is divided by 24?
9
Suppose 0 = -171*r + 159*r + 6900. What is the remainder when 1164 is divided by r?
14
Let d(w) = w**3 + 19*w**2 - 15*w + 11. Let x be d(-19). Let n = 379 - x. What is the remainder when n is divided by 6?
5
Let q be (16/(-6) + 2)/((-20)/(-90)). Let g(x) = 3*x + 20. Calculate the remainder when -6 - -2 - -7 - -34 is divided by g(q).
4
Let h be (3/(-9))/(15/90). Let m(l) = -98*l + 23. What is the remainder when m(h) is divided by 17?
15
Let f(i) = -91*i + 30*i + 11 + 29*i + 30*i. Calculate the remainder when 28 is divided by f(0).
6
Let y be 31/((-93)/34)*-9. Suppose 5*k = x - 25, -7 - 13 = x + 4*k. What is the remainder when (x + 4 - 7) + y is divided by 35?
29
Let p = -5526 + 5546. Calculate the remainder when 330 is divided by p.
10
Let v = 490 - 282. Suppose 40*f - 2474 = -794. Calculate the remainder when v is divided by f.
40
Let l be (-854)/(-105) - 4/30. Suppose d = l + 21. Calculate the remainder when d is divided by (-4)/(36/(-16) + 2).
13
Let u(i) = 40*i + 1624. Calculate the remainder when 204 is divided by u(-40).
12
Suppose i + 2*v - 226 = 0, -1392 = -6*i - 5*v + 2*v. What is the remainder when i is divided by 23?
4
Suppose -12*s - 11647 = -13783. What is the remainder when s is divided by 32?
18
Let l(h) = 278*h**2 + 2*h + 38. Let p be l(6). Suppose -49*g + p = 3443. Calculate the remainder when g is divided by 46.
43
Let i = -5442 - -5483. What is the remainder when i is divided by 6/30 - 312/(-15)?
20
Let x = -210 - -246. Let g = x + -28. Calculate the remainder when 55 is divided by g.
7
What is the remainder when 813 is divided by (-50)/(-125) - ((-665)/25)/1?
3
Let g = -3446 + 4246. What is the remainder when g is divided by 202?
194
Let y(r) = r**3 + 4*r**2 + 4. Let w be y(-6). Let x = w + 61. Let s(i) = 3*i**2 + 3*i - 14. Calculate the remainder when s(x) is divided by 23.
20
Suppose 5*c = -2*o + 2631, 133*c - 3*o + 1059 = 135*c. What is the remainder when c is divided by 45?
30
Let a = 26 + -10. Let w = 158 + -141. Suppose 3*p + 9 = u - w, 0 = -5*u - 5*p + 130. What is the remainder when u is divided by a?
10
What is the remainder when (-9 + (-480)/(-50) - 48/(-20)) + 3092 is divided by 50?
45
Suppose -3*j = -5*o - 101, -o - o + 126 = 4*j. What is the remainder when 1373 is divided by j?
29
Let o = 84 + -51. Let y(f) = 7*f - 15. Let c(u) = 7*u - 16. Let p(n) = 4*c(n) - 3*y(n). What is the remainder when o is divided by p(4)?
6
Let y(i) = -4*i**3 - 2 + 4 - 4*i + 6*i - 1. Let s = 392 - 342. Calculate the remainder when y(-4) is divided by s.
49
Suppose 32 = -r - 128. Let p = -134 - r. Calculate the remainder when 103 is divided by p.
25
Suppose -p = -7, -106*p = 5*w - 111*p - 9515. What is the remainder when w is divided by 16?
6
Let r = -365 + 389. Let o = -50 - -84. Calculate the remainder when o is divided by r.
10
Suppose -3 + 19 = 2*i. Let l = 71 + 36. Let s = 145 - l. What is the remainder when s is divided by i?
6
Let k(t) = -73*t - 2174. Let p = 359 + -153. Calculate the remainder when p is divided by k(-30).
14
Let g be 2/9 + ((-76362)/(-54))/13. Let z = g + -101. What is the remainder when 52 is divided by z?
4
Suppose -5*x + 10*x - 45 = 0. Suppose -2*l + x = -5*a, 0 = -4*l - 5*a + 8 + 55. Suppose -46 = -t - t. What is the remainder when t is divided by l?
11
Suppose 119*h = 115*h + 1428. Let v = 428 - h. Calculate the remainder when 351 is divided by v.
67
Suppose 53*g - 4680 = -9*g + 22*g. What is the remainder when 373 is divided by g?
22
Let q = -91 - -137. Let l be 2/8 - (-2327)/4. Suppose -3*s = 3*v - 114 - l, 5*v = -4*s + 1155. What is the remainder when v is divided by q?
43
What is the remainder when ((-34)/(-10))/(20/1700) + 4 is divided by 278?
15
Calculate the remainder when 2789 is divided by (-31170)/(-145) - (-9)/261.
209
Let h be 1 - -3*(-44)/(-6). Let y = 34 - h. Suppose y = 3*g - 43. Calculate the remainder when g is divided by 11.
7
Suppose 62 + 406 = 6*x. Suppose 2*m - x = -p, -5*m = -0*m - 4*p - 182. What is the remainder when 85 is divided by m?
9
What is the remainder when 65/((-1560)/(-18576)) + (-1 + 1 - 0) is divided by 21?
18
Suppose 46*c - 5*c = -49*c + 1350. Calculate the remainder when 866 is divided by c.
11
Suppose 131 = -5*q + 2*n, -q + 3*q + 2*n = -44. Let g = q + 43. Let b = -53 + 123. Calculate the remainder when b is divided by g.
16
Suppose -2*w - 2*w - f = -1720, 1275 = 3*w - 3*f. Suppose -3*i + 9 = 0, -10*b + 7*b + w = 3*i. Calculate the remainder when b is divided by 24.
20
Let k be (-144)/15 - (-8)/(-20). Let i be k/3*15/(-10). Let s = 9 + i. What is the remainder when 40 is divided by s?
12
Let n = 720 - 673. Let x(u) = -11*u + 3. Let b be x(-2). Let y = 35 - b. What is the remainder when n is divided by y?
7
Let k(a) = 3*a - 4. Let i be k(3). Let j be (1 - i)/2 + 12 + -10. Suppose j*l + 91 = 7*l. What is the remainder when 35 is divided by l?
9
Let g be ((-168)/140)/(2/(-5)). Suppose h = -5*l + g*h + 70, -5*h = -3*l + 61. What is the remainder when 45 is divided by l?
9
Let o(l) = -l**3 - 6*l**2 + 9*l + 41. Let i be o(-8). Suppose i = h - 13. What is the remainder when h is divided by 14?
12
Suppose -48 = 6*z, 11*o - 2*z - 20724 = 7*o. What is the remainder when o is divided by 28?
25
Suppose 7*l - 926 - 3082 = -5*l. Calculate the remainder when l is divided by 151.
32
Suppose -y + 556 = 5*c - 592, -3*c + y = -692. Let f = 332 - c. Suppose 2*w - 74 = f. What is the remainder when w is divided by 23?
19
Suppose 19*l = 46*l - 54. What is the remainder when 312 is divided by ((-4462)/(-115))/(l/5)?
21
Let a = 31858 - 31821. Let r(k) = -k**3 - 2*k**2 + 6*k + 3. Let v(m) = 2*m + 8. Let p be v(-6). What is the remainder when a is divided by r(p)?
4
Let i = -213 - -188. Let f = 28 + i. What is the remainder when f is divided by 3?
0
Let f(t) = -2*t**2 + 17*t + 101. Let w(d) = d**2 - 19*d - 102. Let c(s) = -3*f(s) - 4*w(s). What is the remainder when 104 is divided by c(-7)?
20
Suppose -557*x - 3*z + 655 = -553*x, -669 = -4*x - z. Calculate the remainder when 602 is divided by x.
95
Suppose -7*c - 3*k = -8*c - 6, -2*c + 8 = 4*k. Suppose 5*b - 10 + 0 = c. Calculate the remainder when 16 is divided by b.
0
Let u = -23 - -26. Suppose -5*m + 4 + 171 = -u*y, -118 = 2*y - 3*m. Let q = -60 - y. What is the remainder when q is divided by 3?
2
Suppose -4*i + 86 + 2 = -g, -i + 2*g + 29 = 0. Suppose s + 180 = 6*s. What is the remai